{"id":215,"date":"2019-07-10T14:10:10","date_gmt":"2019-07-10T12:10:10","guid":{"rendered":"http:\/\/zlobek.bobowa.pl\/?page_id=215"},"modified":"2025-07-23T14:52:19","modified_gmt":"2025-07-23T12:52:19","slug":"statut","status":"publish","type":"page","link":"http:\/\/zlobek.bobowa.pl\/","title":{"rendered":"Statut"},"content":{"rendered":"<p>\r\n\r\n<\/p>\r\n\r\n\r\n\r\n<p class=\"has-text-color has-background has-very-dark-gray-color has-light-green-cyan-background-color wp-block-gallery-1 is-layout-flex wp-block-gallery-is-layout-flex\" style=\"font-size: 29px; text-align: center;\"><span style=\"font-size: 14pt;\"><b>\u00a0 \u00a0 \u00a0 \u00a0 \u00a0 \u00a0 \u00a0 \u00a0<\/b><\/span><span style=\"font-size: 14pt;\"><b>\u00a0 AKTYWNIE W \u017b\u0141OBKU <\/b><\/span><\/p>\r\n<p><span style=\"font-size: 14pt;\">\r\n\r\n<\/span><\/p>\r\n<p><span style=\"font-size: 14pt;\"><strong>Od 1 pa\u017adziernika 2024r.<\/strong> rodzice dzieci ucz\u0119szczaj\u0105cych do naszego \u017c\u0142obka mog\u0105 korzysta\u0107 ze \u015bwiadczenia <strong><span style=\"color: #ff0000;\">aktywnie w \u017c\u0142obku,\u00a0<span style=\"color: #000000;\">kt\u00f3re w ca\u0142o\u015bci pokrywa koszt pobytu dziecka w \u017c\u0142obku do 10 godzin dziennie (opr\u00f3cz wy\u017cywienia)<\/span><\/span><\/strong><\/span><\/p>\r\n<p><span style=\"font-size: 14pt;\"><span style=\"color: #ff0000;\"><strong><span style=\"color: #000000;\">KILKA POMOCNYCH S\u0141\u00d3W NA TEMAT PROGRAMU<\/span><\/strong><strong><span style=\"color: #000000;\"> -&gt; <\/span><\/strong><\/span><\/span><a style=\"font-size: 14pt;\" href=\"http:\/\/zlobek.bobowa.pl\/wp-content\/uploads\/2024\/08\/Aktywny-Rodzic.pdf\">Aktywny Rodzic<span style=\"color: #000000;\"> (kliknij)<\/span><\/a><\/p>\r\n<p>&nbsp;<\/p>\r\n\r\n\r\n\r\n\r\n\r\n\r\n\r\n\r\n\r\n\r\n\r\n\r\n\r\n\r\n\r\n\r\n\r\n\r\n","protected":false},"excerpt":{"rendered":"<p>Od 1 pa\u017adziernika 2024r. rodzice dzieci ucz\u0119szczaj\u0105cych do naszego \u017c\u0142obka mog\u0105 korzysta\u0107 ze \u015bwiadczenia aktywnie w \u017c\u0142obku,\u00a0kt\u00f3re w ca\u0142o\u015bci pokrywa koszt pobytu dziecka w \u017c\u0142obku do 10 godzin dziennie (opr\u00f3cz wy\u017cywienia) KILKA POMOCNYCH S\u0141\u00d3W NA TEMAT PROGRAMU -&gt; Aktywny Rodzic<\/p>\n","protected":false},"author":1,"featured_media":13421,"parent":0,"menu_order":0,"comment_status":"closed","ping_status":"closed","template":"","meta":{"footnotes":""},"yoast_head":"<!-- This site is optimized with the Yoast SEO plugin v22.6 - https:\/\/yoast.com\/wordpress\/plugins\/seo\/ -->\n<title>Statut - Samorz\u0105dowy \u017b\u0142obek w S\u0119dziszowej<\/title>\n<meta name=\"robots\" content=\"index, follow, max-snippet:-1, max-image-preview:large, max-video-preview:-1\" \/>\n<link rel=\"canonical\" href=\"http:\/\/zlobek.bobowa.pl\/\" \/>\n<meta property=\"og:locale\" content=\"pl_PL\" \/>\n<meta property=\"og:type\" content=\"article\" \/>\n<meta property=\"og:title\" content=\"Statut - Samorz\u0105dowy \u017b\u0142obek w S\u0119dziszowej\" \/>\n<meta property=\"og:description\" content=\"Od 1 pa\u017adziernika 2024r. rodzice dzieci ucz\u0119szczaj\u0105cych do naszego \u017c\u0142obka mog\u0105 korzysta\u0107 ze \u015bwiadczenia aktywnie w \u017c\u0142obku,\u00a0kt\u00f3re w ca\u0142o\u015bci pokrywa koszt pobytu dziecka w \u017c\u0142obku do 10 godzin dziennie (opr\u00f3cz wy\u017cywienia) KILKA POMOCNYCH S\u0141\u00d3W NA TEMAT PROGRAMU -&gt; Aktywny Rodzic\" \/>\n<meta property=\"og:url\" content=\"http:\/\/zlobek.bobowa.pl\/\" \/>\n<meta property=\"og:site_name\" content=\"Samorz\u0105dowy \u017b\u0142obek w S\u0119dziszowej\" \/>\n<meta property=\"article:modified_time\" content=\"2025-07-23T12:52:19+00:00\" \/>\n<meta name=\"twitter:card\" content=\"summary_large_image\" \/>\n<meta name=\"twitter:label1\" content=\"Szacowany czas czytania\" \/>\n\t<meta name=\"twitter:data1\" content=\"1 minuta\" \/>\n<script type=\"application\/ld+json\" class=\"yoast-schema-graph\">{\"@context\":\"https:\/\/schema.org\",\"@graph\":[{\"@type\":\"WebPage\",\"@id\":\"http:\/\/zlobek.bobowa.pl\/\",\"url\":\"http:\/\/zlobek.bobowa.pl\/\",\"name\":\"Statut - Samorz\u0105dowy \u017b\u0142obek w S\u0119dziszowej\",\"isPartOf\":{\"@id\":\"http:\/\/zlobek.bobowa.pl\/#website\"},\"primaryImageOfPage\":{\"@id\":\"http:\/\/zlobek.bobowa.pl\/#primaryimage\"},\"image\":{\"@id\":\"http:\/\/zlobek.bobowa.pl\/#primaryimage\"},\"thumbnailUrl\":\"http:\/\/zlobek.bobowa.pl\/wp-content\/uploads\/2024\/05\/REKRUTACJA-2024-2025-4-pdf.jpg\",\"datePublished\":\"2019-07-10T12:10:10+00:00\",\"dateModified\":\"2025-07-23T12:52:19+00:00\",\"breadcrumb\":{\"@id\":\"http:\/\/zlobek.bobowa.pl\/#breadcrumb\"},\"inLanguage\":\"pl-PL\",\"potentialAction\":[{\"@type\":\"ReadAction\",\"target\":[\"http:\/\/zlobek.bobowa.pl\/\"]}]},{\"@type\":\"ImageObject\",\"inLanguage\":\"pl-PL\",\"@id\":\"http:\/\/zlobek.bobowa.pl\/#primaryimage\",\"url\":\"http:\/\/zlobek.bobowa.pl\/wp-content\/uploads\/2024\/05\/REKRUTACJA-2024-2025-4-pdf.jpg\",\"contentUrl\":\"http:\/\/zlobek.bobowa.pl\/wp-content\/uploads\/2024\/05\/REKRUTACJA-2024-2025-4-pdf.jpg\"},{\"@type\":\"BreadcrumbList\",\"@id\":\"http:\/\/zlobek.bobowa.pl\/#breadcrumb\",\"itemListElement\":[{\"@type\":\"ListItem\",\"position\":1,\"name\":\"Strona g\u0142\u00f3wna\",\"item\":\"http:\/\/zlobek.bobowa.pl\/\"},{\"@type\":\"ListItem\",\"position\":2,\"name\":\"Statut\"}]},{\"@type\":\"WebSite\",\"@id\":\"http:\/\/zlobek.bobowa.pl\/#website\",\"url\":\"http:\/\/zlobek.bobowa.pl\/\",\"name\":\"Samorz\u0105dowy \u017b\u0142obek w S\u0119dziszowej\",\"description\":\"\",\"publisher\":{\"@id\":\"http:\/\/zlobek.bobowa.pl\/#organization\"},\"potentialAction\":[{\"@type\":\"SearchAction\",\"target\":{\"@type\":\"EntryPoint\",\"urlTemplate\":\"http:\/\/zlobek.bobowa.pl\/?s={search_term_string}\"},\"query-input\":\"required name=search_term_string\"}],\"inLanguage\":\"pl-PL\"},{\"@type\":\"Organization\",\"@id\":\"http:\/\/zlobek.bobowa.pl\/#organization\",\"name\":\"Samorz\u0105dowy \u017b\u0142obek w S\u0119dziszowej\",\"url\":\"http:\/\/zlobek.bobowa.pl\/\",\"logo\":{\"@type\":\"ImageObject\",\"inLanguage\":\"pl-PL\",\"@id\":\"http:\/\/zlobek.bobowa.pl\/#\/schema\/logo\/image\/\",\"url\":\"http:\/\/zlobek.bobowa.pl\/wp-content\/uploads\/2019\/07\/Beznazwy-2.jpg\",\"contentUrl\":\"http:\/\/zlobek.bobowa.pl\/wp-content\/uploads\/2019\/07\/Beznazwy-2.jpg\",\"width\":2307,\"height\":119,\"caption\":\"Samorz\u0105dowy \u017b\u0142obek w S\u0119dziszowej\"},\"image\":{\"@id\":\"http:\/\/zlobek.bobowa.pl\/#\/schema\/logo\/image\/\"}}]}<\/script>\n<!-- \/ Yoast SEO plugin. -->","yoast_head_json":{"title":"Statut - Samorz\u0105dowy \u017b\u0142obek w S\u0119dziszowej","robots":{"index":"index","follow":"follow","max-snippet":"max-snippet:-1","max-image-preview":"max-image-preview:large","max-video-preview":"max-video-preview:-1"},"canonical":"http:\/\/zlobek.bobowa.pl\/","og_locale":"pl_PL","og_type":"article","og_title":"Statut - Samorz\u0105dowy \u017b\u0142obek w S\u0119dziszowej","og_description":"Od 1 pa\u017adziernika 2024r. rodzice dzieci ucz\u0119szczaj\u0105cych do naszego \u017c\u0142obka mog\u0105 korzysta\u0107 ze \u015bwiadczenia aktywnie w \u017c\u0142obku,\u00a0kt\u00f3re w ca\u0142o\u015bci pokrywa koszt pobytu dziecka w \u017c\u0142obku do 10 godzin dziennie (opr\u00f3cz wy\u017cywienia) KILKA POMOCNYCH S\u0141\u00d3W NA TEMAT PROGRAMU -&gt; Aktywny Rodzic","og_url":"http:\/\/zlobek.bobowa.pl\/","og_site_name":"Samorz\u0105dowy \u017b\u0142obek w S\u0119dziszowej","article_modified_time":"2025-07-23T12:52:19+00:00","twitter_card":"summary_large_image","twitter_misc":{"Szacowany czas czytania":"1 minuta"},"schema":{"@context":"https:\/\/schema.org","@graph":[{"@type":"WebPage","@id":"http:\/\/zlobek.bobowa.pl\/","url":"http:\/\/zlobek.bobowa.pl\/","name":"Statut - Samorz\u0105dowy \u017b\u0142obek w S\u0119dziszowej","isPartOf":{"@id":"http:\/\/zlobek.bobowa.pl\/#website"},"primaryImageOfPage":{"@id":"http:\/\/zlobek.bobowa.pl\/#primaryimage"},"image":{"@id":"http:\/\/zlobek.bobowa.pl\/#primaryimage"},"thumbnailUrl":"http:\/\/zlobek.bobowa.pl\/wp-content\/uploads\/2024\/05\/REKRUTACJA-2024-2025-4-pdf.jpg","datePublished":"2019-07-10T12:10:10+00:00","dateModified":"2025-07-23T12:52:19+00:00","breadcrumb":{"@id":"http:\/\/zlobek.bobowa.pl\/#breadcrumb"},"inLanguage":"pl-PL","potentialAction":[{"@type":"ReadAction","target":["http:\/\/zlobek.bobowa.pl\/"]}]},{"@type":"ImageObject","inLanguage":"pl-PL","@id":"http:\/\/zlobek.bobowa.pl\/#primaryimage","url":"http:\/\/zlobek.bobowa.pl\/wp-content\/uploads\/2024\/05\/REKRUTACJA-2024-2025-4-pdf.jpg","contentUrl":"http:\/\/zlobek.bobowa.pl\/wp-content\/uploads\/2024\/05\/REKRUTACJA-2024-2025-4-pdf.jpg"},{"@type":"BreadcrumbList","@id":"http:\/\/zlobek.bobowa.pl\/#breadcrumb","itemListElement":[{"@type":"ListItem","position":1,"name":"Strona g\u0142\u00f3wna","item":"http:\/\/zlobek.bobowa.pl\/"},{"@type":"ListItem","position":2,"name":"Statut"}]},{"@type":"WebSite","@id":"http:\/\/zlobek.bobowa.pl\/#website","url":"http:\/\/zlobek.bobowa.pl\/","name":"Samorz\u0105dowy \u017b\u0142obek w S\u0119dziszowej","description":"","publisher":{"@id":"http:\/\/zlobek.bobowa.pl\/#organization"},"potentialAction":[{"@type":"SearchAction","target":{"@type":"EntryPoint","urlTemplate":"http:\/\/zlobek.bobowa.pl\/?s={search_term_string}"},"query-input":"required name=search_term_string"}],"inLanguage":"pl-PL"},{"@type":"Organization","@id":"http:\/\/zlobek.bobowa.pl\/#organization","name":"Samorz\u0105dowy \u017b\u0142obek w S\u0119dziszowej","url":"http:\/\/zlobek.bobowa.pl\/","logo":{"@type":"ImageObject","inLanguage":"pl-PL","@id":"http:\/\/zlobek.bobowa.pl\/#\/schema\/logo\/image\/","url":"http:\/\/zlobek.bobowa.pl\/wp-content\/uploads\/2019\/07\/Beznazwy-2.jpg","contentUrl":"http:\/\/zlobek.bobowa.pl\/wp-content\/uploads\/2019\/07\/Beznazwy-2.jpg","width":2307,"height":119,"caption":"Samorz\u0105dowy \u017b\u0142obek w S\u0119dziszowej"},"image":{"@id":"http:\/\/zlobek.bobowa.pl\/#\/schema\/logo\/image\/"}}]}},"_links":{"self":[{"href":"http:\/\/zlobek.bobowa.pl\/index.php\/wp-json\/wp\/v2\/pages\/215"}],"collection":[{"href":"http:\/\/zlobek.bobowa.pl\/index.php\/wp-json\/wp\/v2\/pages"}],"about":[{"href":"http:\/\/zlobek.bobowa.pl\/index.php\/wp-json\/wp\/v2\/types\/page"}],"author":[{"embeddable":true,"href":"http:\/\/zlobek.bobowa.pl\/index.php\/wp-json\/wp\/v2\/users\/1"}],"replies":[{"embeddable":true,"href":"http:\/\/zlobek.bobowa.pl\/index.php\/wp-json\/wp\/v2\/comments?post=215"}],"version-history":[{"count":175,"href":"http:\/\/zlobek.bobowa.pl\/index.php\/wp-json\/wp\/v2\/pages\/215\/revisions"}],"predecessor-version":[{"id":17310,"href":"http:\/\/zlobek.bobowa.pl\/index.php\/wp-json\/wp\/v2\/pages\/215\/revisions\/17310"}],"wp:featuredmedia":[{"embeddable":true,"href":"http:\/\/zlobek.bobowa.pl\/index.php\/wp-json\/wp\/v2\/media\/13421"}],"wp:attachment":[{"href":"http:\/\/zlobek.bobowa.pl\/index.php\/wp-json\/wp\/v2\/media?parent=215"}],"curies":[{"name":"wp","href":"https:\/\/api.w.org\/{rel}","templated":true}]}}