{"id":17049,"date":"2025-05-26T10:55:58","date_gmt":"2025-05-26T08:55:58","guid":{"rendered":"http:\/\/zlobek.bobowa.pl\/?page_id=17049"},"modified":"2025-05-26T12:47:45","modified_gmt":"2025-05-26T10:47:45","slug":"dzien-mamy-i-taty-2","status":"publish","type":"page","link":"http:\/\/zlobek.bobowa.pl\/index.php\/dzien-mamy-i-taty-2\/","title":{"rendered":"Dzie\u0144 Mamy i Taty"},"content":{"rendered":"<p style=\"text-align: center;\"><strong>Kochani Rodzice!<\/strong><\/p>\n<p style=\"text-align: center;\"><strong>Z okazji Waszego \u015bwi\u0119ta,<\/strong><br \/>\n<strong>wszystkiego najlepszego:<\/strong><br \/>\n<strong>niech ka\u017cdy dzie\u0144 dostarcza rado\u015bci<\/strong><br \/>\n<strong>i u\u015bmiech zawsze w sercach go\u015bci!\u00a0<\/strong><\/p>\n<div id='gallery-1' class='gallery galleryid-17049 gallery-columns-3 gallery-size-medium'><figure class='gallery-item'>\n\t\t\t<div class='gallery-icon landscape'>\n\t\t\t\t<a href='http:\/\/zlobek.bobowa.pl\/wp-content\/uploads\/2025\/05\/IMG_8512-scaled.jpg'><img width=\"300\" height=\"201\" src=\"http:\/\/zlobek.bobowa.pl\/wp-content\/uploads\/2025\/05\/IMG_8512-300x201.jpg\" class=\"attachment-medium size-medium\" alt=\"\" decoding=\"async\" loading=\"lazy\" srcset=\"http:\/\/zlobek.bobowa.pl\/wp-content\/uploads\/2025\/05\/IMG_8512-300x201.jpg 300w, http:\/\/zlobek.bobowa.pl\/wp-content\/uploads\/2025\/05\/IMG_8512-1024x685.jpg 1024w, http:\/\/zlobek.bobowa.pl\/wp-content\/uploads\/2025\/05\/IMG_8512-768x514.jpg 768w, http:\/\/zlobek.bobowa.pl\/wp-content\/uploads\/2025\/05\/IMG_8512-1536x1028.jpg 1536w, http:\/\/zlobek.bobowa.pl\/wp-content\/uploads\/2025\/05\/IMG_8512-2048x1370.jpg 2048w\" sizes=\"(max-width: 300px) 100vw, 300px\" \/><\/a>\n\t\t\t<\/div><\/figure><figure class='gallery-item'>\n\t\t\t<div class='gallery-icon landscape'>\n\t\t\t\t<a href='http:\/\/zlobek.bobowa.pl\/wp-content\/uploads\/2025\/05\/IMG_8520-scaled.jpg'><img width=\"300\" height=\"201\" src=\"http:\/\/zlobek.bobowa.pl\/wp-content\/uploads\/2025\/05\/IMG_8520-300x201.jpg\" class=\"attachment-medium size-medium\" alt=\"\" decoding=\"async\" loading=\"lazy\" srcset=\"http:\/\/zlobek.bobowa.pl\/wp-content\/uploads\/2025\/05\/IMG_8520-300x201.jpg 300w, http:\/\/zlobek.bobowa.pl\/wp-content\/uploads\/2025\/05\/IMG_8520-1024x687.jpg 1024w, http:\/\/zlobek.bobowa.pl\/wp-content\/uploads\/2025\/05\/IMG_8520-768x516.jpg 768w, http:\/\/zlobek.bobowa.pl\/wp-content\/uploads\/2025\/05\/IMG_8520-1536x1031.jpg 1536w, http:\/\/zlobek.bobowa.pl\/wp-content\/uploads\/2025\/05\/IMG_8520-2048x1375.jpg 2048w\" sizes=\"(max-width: 300px) 100vw, 300px\" \/><\/a>\n\t\t\t<\/div><\/figure><figure class='gallery-item'>\n\t\t\t<div class='gallery-icon landscape'>\n\t\t\t\t<a href='http:\/\/zlobek.bobowa.pl\/wp-content\/uploads\/2025\/05\/IMG_8522-scaled.jpg'><img width=\"300\" height=\"200\" src=\"http:\/\/zlobek.bobowa.pl\/wp-content\/uploads\/2025\/05\/IMG_8522-300x200.jpg\" class=\"attachment-medium size-medium\" alt=\"\" decoding=\"async\" loading=\"lazy\" srcset=\"http:\/\/zlobek.bobowa.pl\/wp-content\/uploads\/2025\/05\/IMG_8522-300x200.jpg 300w, http:\/\/zlobek.bobowa.pl\/wp-content\/uploads\/2025\/05\/IMG_8522-1024x683.jpg 1024w, http:\/\/zlobek.bobowa.pl\/wp-content\/uploads\/2025\/05\/IMG_8522-768x512.jpg 768w, http:\/\/zlobek.bobowa.pl\/wp-content\/uploads\/2025\/05\/IMG_8522-1536x1024.jpg 1536w, http:\/\/zlobek.bobowa.pl\/wp-content\/uploads\/2025\/05\/IMG_8522-2048x1365.jpg 2048w\" sizes=\"(max-width: 300px) 100vw, 300px\" \/><\/a>\n\t\t\t<\/div><\/figure><figure class='gallery-item'>\n\t\t\t<div class='gallery-icon landscape'>\n\t\t\t\t<a href='http:\/\/zlobek.bobowa.pl\/wp-content\/uploads\/2025\/05\/IMG_8530-scaled.jpg'><img width=\"300\" height=\"201\" src=\"http:\/\/zlobek.bobowa.pl\/wp-content\/uploads\/2025\/05\/IMG_8530-300x201.jpg\" class=\"attachment-medium size-medium\" alt=\"\" decoding=\"async\" loading=\"lazy\" srcset=\"http:\/\/zlobek.bobowa.pl\/wp-content\/uploads\/2025\/05\/IMG_8530-300x201.jpg 300w, http:\/\/zlobek.bobowa.pl\/wp-content\/uploads\/2025\/05\/IMG_8530-1024x686.jpg 1024w, http:\/\/zlobek.bobowa.pl\/wp-content\/uploads\/2025\/05\/IMG_8530-768x514.jpg 768w, http:\/\/zlobek.bobowa.pl\/wp-content\/uploads\/2025\/05\/IMG_8530-1536x1029.jpg 1536w, http:\/\/zlobek.bobowa.pl\/wp-content\/uploads\/2025\/05\/IMG_8530-2048x1371.jpg 2048w\" sizes=\"(max-width: 300px) 100vw, 300px\" \/><\/a>\n\t\t\t<\/div><\/figure><figure class='gallery-item'>\n\t\t\t<div class='gallery-icon landscape'>\n\t\t\t\t<a href='http:\/\/zlobek.bobowa.pl\/wp-content\/uploads\/2025\/05\/IMG_8537-scaled.jpg'><img width=\"300\" height=\"200\" src=\"http:\/\/zlobek.bobowa.pl\/wp-content\/uploads\/2025\/05\/IMG_8537-300x200.jpg\" class=\"attachment-medium size-medium\" alt=\"\" decoding=\"async\" loading=\"lazy\" srcset=\"http:\/\/zlobek.bobowa.pl\/wp-content\/uploads\/2025\/05\/IMG_8537-300x200.jpg 300w, http:\/\/zlobek.bobowa.pl\/wp-content\/uploads\/2025\/05\/IMG_8537-1024x683.jpg 1024w, http:\/\/zlobek.bobowa.pl\/wp-content\/uploads\/2025\/05\/IMG_8537-768x512.jpg 768w, http:\/\/zlobek.bobowa.pl\/wp-content\/uploads\/2025\/05\/IMG_8537-1536x1024.jpg 1536w, http:\/\/zlobek.bobowa.pl\/wp-content\/uploads\/2025\/05\/IMG_8537-2048x1365.jpg 2048w\" sizes=\"(max-width: 300px) 100vw, 300px\" \/><\/a>\n\t\t\t<\/div><\/figure><figure class='gallery-item'>\n\t\t\t<div class='gallery-icon landscape'>\n\t\t\t\t<a href='http:\/\/zlobek.bobowa.pl\/wp-content\/uploads\/2025\/05\/IMG_8541-scaled.jpg'><img width=\"300\" height=\"201\" src=\"http:\/\/zlobek.bobowa.pl\/wp-content\/uploads\/2025\/05\/IMG_8541-300x201.jpg\" class=\"attachment-medium size-medium\" alt=\"\" decoding=\"async\" loading=\"lazy\" srcset=\"http:\/\/zlobek.bobowa.pl\/wp-content\/uploads\/2025\/05\/IMG_8541-300x201.jpg 300w, http:\/\/zlobek.bobowa.pl\/wp-content\/uploads\/2025\/05\/IMG_8541-1024x686.jpg 1024w, http:\/\/zlobek.bobowa.pl\/wp-content\/uploads\/2025\/05\/IMG_8541-768x515.jpg 768w, http:\/\/zlobek.bobowa.pl\/wp-content\/uploads\/2025\/05\/IMG_8541-1536x1030.jpg 1536w, http:\/\/zlobek.bobowa.pl\/wp-content\/uploads\/2025\/05\/IMG_8541-2048x1373.jpg 2048w\" sizes=\"(max-width: 300px) 100vw, 300px\" \/><\/a>\n\t\t\t<\/div><\/figure><figure class='gallery-item'>\n\t\t\t<div class='gallery-icon landscape'>\n\t\t\t\t<a href='http:\/\/zlobek.bobowa.pl\/wp-content\/uploads\/2025\/05\/IMG_8544-scaled.jpg'><img width=\"300\" height=\"201\" src=\"http:\/\/zlobek.bobowa.pl\/wp-content\/uploads\/2025\/05\/IMG_8544-300x201.jpg\" class=\"attachment-medium size-medium\" alt=\"\" decoding=\"async\" loading=\"lazy\" srcset=\"http:\/\/zlobek.bobowa.pl\/wp-content\/uploads\/2025\/05\/IMG_8544-300x201.jpg 300w, http:\/\/zlobek.bobowa.pl\/wp-content\/uploads\/2025\/05\/IMG_8544-1024x686.jpg 1024w, http:\/\/zlobek.bobowa.pl\/wp-content\/uploads\/2025\/05\/IMG_8544-768x515.jpg 768w, http:\/\/zlobek.bobowa.pl\/wp-content\/uploads\/2025\/05\/IMG_8544-1536x1030.jpg 1536w, http:\/\/zlobek.bobowa.pl\/wp-content\/uploads\/2025\/05\/IMG_8544-2048x1373.jpg 2048w\" sizes=\"(max-width: 300px) 100vw, 300px\" \/><\/a>\n\t\t\t<\/div><\/figure><figure class='gallery-item'>\n\t\t\t<div class='gallery-icon landscape'>\n\t\t\t\t<a href='http:\/\/zlobek.bobowa.pl\/wp-content\/uploads\/2025\/05\/IMG_8553-scaled.jpg'><img width=\"300\" height=\"200\" src=\"http:\/\/zlobek.bobowa.pl\/wp-content\/uploads\/2025\/05\/IMG_8553-300x200.jpg\" class=\"attachment-medium size-medium\" alt=\"\" decoding=\"async\" loading=\"lazy\" srcset=\"http:\/\/zlobek.bobowa.pl\/wp-content\/uploads\/2025\/05\/IMG_8553-300x200.jpg 300w, http:\/\/zlobek.bobowa.pl\/wp-content\/uploads\/2025\/05\/IMG_8553-1024x683.jpg 1024w, http:\/\/zlobek.bobowa.pl\/wp-content\/uploads\/2025\/05\/IMG_8553-768x512.jpg 768w, http:\/\/zlobek.bobowa.pl\/wp-content\/uploads\/2025\/05\/IMG_8553-1536x1024.jpg 1536w, http:\/\/zlobek.bobowa.pl\/wp-content\/uploads\/2025\/05\/IMG_8553-2048x1365.jpg 2048w\" sizes=\"(max-width: 300px) 100vw, 300px\" \/><\/a>\n\t\t\t<\/div><\/figure><figure class='gallery-item'>\n\t\t\t<div class='gallery-icon landscape'>\n\t\t\t\t<a href='http:\/\/zlobek.bobowa.pl\/wp-content\/uploads\/2025\/05\/IMG_8554-scaled.jpg'><img width=\"300\" height=\"200\" src=\"http:\/\/zlobek.bobowa.pl\/wp-content\/uploads\/2025\/05\/IMG_8554-300x200.jpg\" class=\"attachment-medium size-medium\" alt=\"\" decoding=\"async\" loading=\"lazy\" srcset=\"http:\/\/zlobek.bobowa.pl\/wp-content\/uploads\/2025\/05\/IMG_8554-300x200.jpg 300w, http:\/\/zlobek.bobowa.pl\/wp-content\/uploads\/2025\/05\/IMG_8554-1024x683.jpg 1024w, http:\/\/zlobek.bobowa.pl\/wp-content\/uploads\/2025\/05\/IMG_8554-768x512.jpg 768w, http:\/\/zlobek.bobowa.pl\/wp-content\/uploads\/2025\/05\/IMG_8554-1536x1024.jpg 1536w, http:\/\/zlobek.bobowa.pl\/wp-content\/uploads\/2025\/05\/IMG_8554-2048x1365.jpg 2048w\" sizes=\"(max-width: 300px) 100vw, 300px\" \/><\/a>\n\t\t\t<\/div><\/figure><figure class='gallery-item'>\n\t\t\t<div class='gallery-icon landscape'>\n\t\t\t\t<a href='http:\/\/zlobek.bobowa.pl\/wp-content\/uploads\/2025\/05\/IMG_8564-scaled.jpg'><img width=\"300\" height=\"201\" src=\"http:\/\/zlobek.bobowa.pl\/wp-content\/uploads\/2025\/05\/IMG_8564-300x201.jpg\" class=\"attachment-medium size-medium\" alt=\"\" decoding=\"async\" loading=\"lazy\" srcset=\"http:\/\/zlobek.bobowa.pl\/wp-content\/uploads\/2025\/05\/IMG_8564-300x201.jpg 300w, http:\/\/zlobek.bobowa.pl\/wp-content\/uploads\/2025\/05\/IMG_8564-1024x686.jpg 1024w, http:\/\/zlobek.bobowa.pl\/wp-content\/uploads\/2025\/05\/IMG_8564-768x514.jpg 768w, http:\/\/zlobek.bobowa.pl\/wp-content\/uploads\/2025\/05\/IMG_8564-1536x1029.jpg 1536w, http:\/\/zlobek.bobowa.pl\/wp-content\/uploads\/2025\/05\/IMG_8564-2048x1371.jpg 2048w\" sizes=\"(max-width: 300px) 100vw, 300px\" \/><\/a>\n\t\t\t<\/div><\/figure><figure class='gallery-item'>\n\t\t\t<div class='gallery-icon landscape'>\n\t\t\t\t<a href='http:\/\/zlobek.bobowa.pl\/wp-content\/uploads\/2025\/05\/IMG_8577-scaled.jpg'><img width=\"300\" height=\"200\" src=\"http:\/\/zlobek.bobowa.pl\/wp-content\/uploads\/2025\/05\/IMG_8577-300x200.jpg\" class=\"attachment-medium size-medium\" alt=\"\" decoding=\"async\" loading=\"lazy\" srcset=\"http:\/\/zlobek.bobowa.pl\/wp-content\/uploads\/2025\/05\/IMG_8577-300x200.jpg 300w, http:\/\/zlobek.bobowa.pl\/wp-content\/uploads\/2025\/05\/IMG_8577-1024x682.jpg 1024w, http:\/\/zlobek.bobowa.pl\/wp-content\/uploads\/2025\/05\/IMG_8577-768x512.jpg 768w, http:\/\/zlobek.bobowa.pl\/wp-content\/uploads\/2025\/05\/IMG_8577-1536x1023.jpg 1536w, http:\/\/zlobek.bobowa.pl\/wp-content\/uploads\/2025\/05\/IMG_8577-2048x1364.jpg 2048w\" sizes=\"(max-width: 300px) 100vw, 300px\" \/><\/a>\n\t\t\t<\/div><\/figure><figure class='gallery-item'>\n\t\t\t<div class='gallery-icon landscape'>\n\t\t\t\t<a href='http:\/\/zlobek.bobowa.pl\/wp-content\/uploads\/2025\/05\/IMG_8592-scaled.jpg'><img width=\"300\" height=\"201\" src=\"http:\/\/zlobek.bobowa.pl\/wp-content\/uploads\/2025\/05\/IMG_8592-300x201.jpg\" class=\"attachment-medium size-medium\" alt=\"\" decoding=\"async\" loading=\"lazy\" srcset=\"http:\/\/zlobek.bobowa.pl\/wp-content\/uploads\/2025\/05\/IMG_8592-300x201.jpg 300w, http:\/\/zlobek.bobowa.pl\/wp-content\/uploads\/2025\/05\/IMG_8592-1024x687.jpg 1024w, http:\/\/zlobek.bobowa.pl\/wp-content\/uploads\/2025\/05\/IMG_8592-768x515.jpg 768w, http:\/\/zlobek.bobowa.pl\/wp-content\/uploads\/2025\/05\/IMG_8592-1536x1031.jpg 1536w, http:\/\/zlobek.bobowa.pl\/wp-content\/uploads\/2025\/05\/IMG_8592-2048x1374.jpg 2048w\" sizes=\"(max-width: 300px) 100vw, 300px\" \/><\/a>\n\t\t\t<\/div><\/figure><figure class='gallery-item'>\n\t\t\t<div class='gallery-icon landscape'>\n\t\t\t\t<a href='http:\/\/zlobek.bobowa.pl\/wp-content\/uploads\/2025\/05\/IMG_8604-scaled.jpg'><img width=\"300\" height=\"199\" src=\"http:\/\/zlobek.bobowa.pl\/wp-content\/uploads\/2025\/05\/IMG_8604-300x199.jpg\" class=\"attachment-medium size-medium\" alt=\"\" decoding=\"async\" loading=\"lazy\" srcset=\"http:\/\/zlobek.bobowa.pl\/wp-content\/uploads\/2025\/05\/IMG_8604-300x199.jpg 300w, http:\/\/zlobek.bobowa.pl\/wp-content\/uploads\/2025\/05\/IMG_8604-1024x680.jpg 1024w, http:\/\/zlobek.bobowa.pl\/wp-content\/uploads\/2025\/05\/IMG_8604-768x510.jpg 768w, http:\/\/zlobek.bobowa.pl\/wp-content\/uploads\/2025\/05\/IMG_8604-1536x1020.jpg 1536w, http:\/\/zlobek.bobowa.pl\/wp-content\/uploads\/2025\/05\/IMG_8604-2048x1360.jpg 2048w\" sizes=\"(max-width: 300px) 100vw, 300px\" \/><\/a>\n\t\t\t<\/div><\/figure><figure class='gallery-item'>\n\t\t\t<div class='gallery-icon landscape'>\n\t\t\t\t<a href='http:\/\/zlobek.bobowa.pl\/wp-content\/uploads\/2025\/05\/IMG_8610-scaled.jpg'><img width=\"300\" height=\"201\" src=\"http:\/\/zlobek.bobowa.pl\/wp-content\/uploads\/2025\/05\/IMG_8610-300x201.jpg\" class=\"attachment-medium size-medium\" alt=\"\" decoding=\"async\" loading=\"lazy\" srcset=\"http:\/\/zlobek.bobowa.pl\/wp-content\/uploads\/2025\/05\/IMG_8610-300x201.jpg 300w, http:\/\/zlobek.bobowa.pl\/wp-content\/uploads\/2025\/05\/IMG_8610-1024x687.jpg 1024w, http:\/\/zlobek.bobowa.pl\/wp-content\/uploads\/2025\/05\/IMG_8610-768x515.jpg 768w, http:\/\/zlobek.bobowa.pl\/wp-content\/uploads\/2025\/05\/IMG_8610-1536x1031.jpg 1536w, http:\/\/zlobek.bobowa.pl\/wp-content\/uploads\/2025\/05\/IMG_8610-2048x1374.jpg 2048w\" sizes=\"(max-width: 300px) 100vw, 300px\" \/><\/a>\n\t\t\t<\/div><\/figure><figure class='gallery-item'>\n\t\t\t<div class='gallery-icon landscape'>\n\t\t\t\t<a href='http:\/\/zlobek.bobowa.pl\/wp-content\/uploads\/2025\/05\/IMG_8630-scaled.jpg'><img width=\"300\" height=\"199\" src=\"http:\/\/zlobek.bobowa.pl\/wp-content\/uploads\/2025\/05\/IMG_8630-300x199.jpg\" class=\"attachment-medium size-medium\" alt=\"\" decoding=\"async\" loading=\"lazy\" srcset=\"http:\/\/zlobek.bobowa.pl\/wp-content\/uploads\/2025\/05\/IMG_8630-300x199.jpg 300w, http:\/\/zlobek.bobowa.pl\/wp-content\/uploads\/2025\/05\/IMG_8630-1024x680.jpg 1024w, http:\/\/zlobek.bobowa.pl\/wp-content\/uploads\/2025\/05\/IMG_8630-768x510.jpg 768w, http:\/\/zlobek.bobowa.pl\/wp-content\/uploads\/2025\/05\/IMG_8630-1536x1019.jpg 1536w, http:\/\/zlobek.bobowa.pl\/wp-content\/uploads\/2025\/05\/IMG_8630-2048x1359.jpg 2048w\" sizes=\"(max-width: 300px) 100vw, 300px\" \/><\/a>\n\t\t\t<\/div><\/figure><figure class='gallery-item'>\n\t\t\t<div class='gallery-icon landscape'>\n\t\t\t\t<a href='http:\/\/zlobek.bobowa.pl\/wp-content\/uploads\/2025\/05\/IMG_8653-scaled.jpg'><img width=\"300\" height=\"201\" src=\"http:\/\/zlobek.bobowa.pl\/wp-content\/uploads\/2025\/05\/IMG_8653-300x201.jpg\" class=\"attachment-medium size-medium\" alt=\"\" decoding=\"async\" loading=\"lazy\" srcset=\"http:\/\/zlobek.bobowa.pl\/wp-content\/uploads\/2025\/05\/IMG_8653-300x201.jpg 300w, http:\/\/zlobek.bobowa.pl\/wp-content\/uploads\/2025\/05\/IMG_8653-1024x686.jpg 1024w, http:\/\/zlobek.bobowa.pl\/wp-content\/uploads\/2025\/05\/IMG_8653-768x515.jpg 768w, http:\/\/zlobek.bobowa.pl\/wp-content\/uploads\/2025\/05\/IMG_8653-1536x1029.jpg 1536w, http:\/\/zlobek.bobowa.pl\/wp-content\/uploads\/2025\/05\/IMG_8653-2048x1372.jpg 2048w\" sizes=\"(max-width: 300px) 100vw, 300px\" \/><\/a>\n\t\t\t<\/div><\/figure><figure class='gallery-item'>\n\t\t\t<div class='gallery-icon landscape'>\n\t\t\t\t<a href='http:\/\/zlobek.bobowa.pl\/wp-content\/uploads\/2025\/05\/IMG_8621-scaled.jpg'><img width=\"300\" height=\"200\" src=\"http:\/\/zlobek.bobowa.pl\/wp-content\/uploads\/2025\/05\/IMG_8621-300x200.jpg\" class=\"attachment-medium size-medium\" alt=\"\" decoding=\"async\" loading=\"lazy\" srcset=\"http:\/\/zlobek.bobowa.pl\/wp-content\/uploads\/2025\/05\/IMG_8621-300x200.jpg 300w, http:\/\/zlobek.bobowa.pl\/wp-content\/uploads\/2025\/05\/IMG_8621-1024x684.jpg 1024w, http:\/\/zlobek.bobowa.pl\/wp-content\/uploads\/2025\/05\/IMG_8621-768x513.jpg 768w, http:\/\/zlobek.bobowa.pl\/wp-content\/uploads\/2025\/05\/IMG_8621-1536x1025.jpg 1536w, http:\/\/zlobek.bobowa.pl\/wp-content\/uploads\/2025\/05\/IMG_8621-2048x1367.jpg 2048w\" sizes=\"(max-width: 300px) 100vw, 300px\" \/><\/a>\n\t\t\t<\/div><\/figure><figure class='gallery-item'>\n\t\t\t<div class='gallery-icon landscape'>\n\t\t\t\t<a href='http:\/\/zlobek.bobowa.pl\/wp-content\/uploads\/2025\/05\/IMG_8627-scaled.jpg'><img width=\"300\" height=\"200\" src=\"http:\/\/zlobek.bobowa.pl\/wp-content\/uploads\/2025\/05\/IMG_8627-300x200.jpg\" class=\"attachment-medium size-medium\" alt=\"\" decoding=\"async\" loading=\"lazy\" srcset=\"http:\/\/zlobek.bobowa.pl\/wp-content\/uploads\/2025\/05\/IMG_8627-300x200.jpg 300w, http:\/\/zlobek.bobowa.pl\/wp-content\/uploads\/2025\/05\/IMG_8627-1024x682.jpg 1024w, http:\/\/zlobek.bobowa.pl\/wp-content\/uploads\/2025\/05\/IMG_8627-768x511.jpg 768w, http:\/\/zlobek.bobowa.pl\/wp-content\/uploads\/2025\/05\/IMG_8627-1536x1022.jpg 1536w, http:\/\/zlobek.bobowa.pl\/wp-content\/uploads\/2025\/05\/IMG_8627-2048x1363.jpg 2048w\" sizes=\"(max-width: 300px) 100vw, 300px\" \/><\/a>\n\t\t\t<\/div><\/figure><figure class='gallery-item'>\n\t\t\t<div class='gallery-icon landscape'>\n\t\t\t\t<a href='http:\/\/zlobek.bobowa.pl\/wp-content\/uploads\/2025\/05\/IMG_8639-scaled.jpg'><img width=\"300\" height=\"200\" src=\"http:\/\/zlobek.bobowa.pl\/wp-content\/uploads\/2025\/05\/IMG_8639-300x200.jpg\" class=\"attachment-medium size-medium\" alt=\"\" decoding=\"async\" loading=\"lazy\" srcset=\"http:\/\/zlobek.bobowa.pl\/wp-content\/uploads\/2025\/05\/IMG_8639-300x200.jpg 300w, http:\/\/zlobek.bobowa.pl\/wp-content\/uploads\/2025\/05\/IMG_8639-1024x683.jpg 1024w, http:\/\/zlobek.bobowa.pl\/wp-content\/uploads\/2025\/05\/IMG_8639-768x512.jpg 768w, http:\/\/zlobek.bobowa.pl\/wp-content\/uploads\/2025\/05\/IMG_8639-1536x1024.jpg 1536w, http:\/\/zlobek.bobowa.pl\/wp-content\/uploads\/2025\/05\/IMG_8639-2048x1365.jpg 2048w\" sizes=\"(max-width: 300px) 100vw, 300px\" \/><\/a>\n\t\t\t<\/div><\/figure>\n\t\t<\/div>\n\n","protected":false},"excerpt":{"rendered":"<p>Kochani Rodzice! Z okazji Waszego \u015bwi\u0119ta, wszystkiego najlepszego: niech ka\u017cdy dzie\u0144 dostarcza rado\u015bci i u\u015bmiech zawsze w sercach go\u015bci!\u00a0<\/p>\n","protected":false},"author":1,"featured_media":0,"parent":0,"menu_order":0,"comment_status":"closed","ping_status":"closed","template":"","meta":{"footnotes":""},"yoast_head":"<!-- This site is optimized with the Yoast SEO plugin v22.6 - https:\/\/yoast.com\/wordpress\/plugins\/seo\/ -->\n<title>Dzie\u0144 Mamy i Taty - Samorz\u0105dowy \u017b\u0142obek w S\u0119dziszowej<\/title>\n<meta name=\"robots\" content=\"index, follow, max-snippet:-1, max-image-preview:large, max-video-preview:-1\" \/>\n<link rel=\"canonical\" href=\"http:\/\/zlobek.bobowa.pl\/index.php\/dzien-mamy-i-taty-2\/\" \/>\n<meta property=\"og:locale\" content=\"pl_PL\" \/>\n<meta property=\"og:type\" content=\"article\" \/>\n<meta property=\"og:title\" content=\"Dzie\u0144 Mamy i Taty - Samorz\u0105dowy \u017b\u0142obek w S\u0119dziszowej\" \/>\n<meta property=\"og:description\" content=\"Kochani Rodzice! Z okazji Waszego \u015bwi\u0119ta, wszystkiego najlepszego: niech ka\u017cdy dzie\u0144 dostarcza rado\u015bci i u\u015bmiech zawsze w sercach go\u015bci!\u00a0\" \/>\n<meta property=\"og:url\" content=\"http:\/\/zlobek.bobowa.pl\/index.php\/dzien-mamy-i-taty-2\/\" \/>\n<meta property=\"og:site_name\" content=\"Samorz\u0105dowy \u017b\u0142obek w S\u0119dziszowej\" \/>\n<meta property=\"article:modified_time\" content=\"2025-05-26T10:47:45+00:00\" \/>\n<meta property=\"og:image\" content=\"http:\/\/zlobek.bobowa.pl\/wp-content\/uploads\/2025\/05\/IMG_8512-300x201.jpg\" \/>\n<meta name=\"twitter:card\" content=\"summary_large_image\" \/>\n<meta name=\"twitter:label1\" content=\"Szacowany czas czytania\" \/>\n\t<meta name=\"twitter:data1\" content=\"1 minuta\" \/>\n<script type=\"application\/ld+json\" class=\"yoast-schema-graph\">{\"@context\":\"https:\/\/schema.org\",\"@graph\":[{\"@type\":\"WebPage\",\"@id\":\"http:\/\/zlobek.bobowa.pl\/index.php\/dzien-mamy-i-taty-2\/\",\"url\":\"http:\/\/zlobek.bobowa.pl\/index.php\/dzien-mamy-i-taty-2\/\",\"name\":\"Dzie\u0144 Mamy i Taty - Samorz\u0105dowy \u017b\u0142obek w S\u0119dziszowej\",\"isPartOf\":{\"@id\":\"http:\/\/zlobek.bobowa.pl\/#website\"},\"datePublished\":\"2025-05-26T08:55:58+00:00\",\"dateModified\":\"2025-05-26T10:47:45+00:00\",\"breadcrumb\":{\"@id\":\"http:\/\/zlobek.bobowa.pl\/index.php\/dzien-mamy-i-taty-2\/#breadcrumb\"},\"inLanguage\":\"pl-PL\",\"potentialAction\":[{\"@type\":\"ReadAction\",\"target\":[\"http:\/\/zlobek.bobowa.pl\/index.php\/dzien-mamy-i-taty-2\/\"]}]},{\"@type\":\"BreadcrumbList\",\"@id\":\"http:\/\/zlobek.bobowa.pl\/index.php\/dzien-mamy-i-taty-2\/#breadcrumb\",\"itemListElement\":[{\"@type\":\"ListItem\",\"position\":1,\"name\":\"Strona g\u0142\u00f3wna\",\"item\":\"http:\/\/zlobek.bobowa.pl\/\"},{\"@type\":\"ListItem\",\"position\":2,\"name\":\"Dzie\u0144 Mamy i&nbsp;Taty\"}]},{\"@type\":\"WebSite\",\"@id\":\"http:\/\/zlobek.bobowa.pl\/#website\",\"url\":\"http:\/\/zlobek.bobowa.pl\/\",\"name\":\"Samorz\u0105dowy \u017b\u0142obek w S\u0119dziszowej\",\"description\":\"\",\"publisher\":{\"@id\":\"http:\/\/zlobek.bobowa.pl\/#organization\"},\"potentialAction\":[{\"@type\":\"SearchAction\",\"target\":{\"@type\":\"EntryPoint\",\"urlTemplate\":\"http:\/\/zlobek.bobowa.pl\/?s={search_term_string}\"},\"query-input\":\"required name=search_term_string\"}],\"inLanguage\":\"pl-PL\"},{\"@type\":\"Organization\",\"@id\":\"http:\/\/zlobek.bobowa.pl\/#organization\",\"name\":\"Samorz\u0105dowy \u017b\u0142obek w S\u0119dziszowej\",\"url\":\"http:\/\/zlobek.bobowa.pl\/\",\"logo\":{\"@type\":\"ImageObject\",\"inLanguage\":\"pl-PL\",\"@id\":\"http:\/\/zlobek.bobowa.pl\/#\/schema\/logo\/image\/\",\"url\":\"http:\/\/zlobek.bobowa.pl\/wp-content\/uploads\/2019\/07\/Beznazwy-2.jpg\",\"contentUrl\":\"http:\/\/zlobek.bobowa.pl\/wp-content\/uploads\/2019\/07\/Beznazwy-2.jpg\",\"width\":2307,\"height\":119,\"caption\":\"Samorz\u0105dowy \u017b\u0142obek w S\u0119dziszowej\"},\"image\":{\"@id\":\"http:\/\/zlobek.bobowa.pl\/#\/schema\/logo\/image\/\"}}]}<\/script>\n<!-- \/ Yoast SEO plugin. -->","yoast_head_json":{"title":"Dzie\u0144 Mamy i Taty - Samorz\u0105dowy \u017b\u0142obek w S\u0119dziszowej","robots":{"index":"index","follow":"follow","max-snippet":"max-snippet:-1","max-image-preview":"max-image-preview:large","max-video-preview":"max-video-preview:-1"},"canonical":"http:\/\/zlobek.bobowa.pl\/index.php\/dzien-mamy-i-taty-2\/","og_locale":"pl_PL","og_type":"article","og_title":"Dzie\u0144 Mamy i Taty - Samorz\u0105dowy \u017b\u0142obek w S\u0119dziszowej","og_description":"Kochani Rodzice! Z okazji Waszego \u015bwi\u0119ta, wszystkiego najlepszego: niech ka\u017cdy dzie\u0144 dostarcza rado\u015bci i u\u015bmiech zawsze w sercach go\u015bci!\u00a0","og_url":"http:\/\/zlobek.bobowa.pl\/index.php\/dzien-mamy-i-taty-2\/","og_site_name":"Samorz\u0105dowy \u017b\u0142obek w S\u0119dziszowej","article_modified_time":"2025-05-26T10:47:45+00:00","og_image":[{"url":"http:\/\/zlobek.bobowa.pl\/wp-content\/uploads\/2025\/05\/IMG_8512-300x201.jpg"}],"twitter_card":"summary_large_image","twitter_misc":{"Szacowany czas czytania":"1 minuta"},"schema":{"@context":"https:\/\/schema.org","@graph":[{"@type":"WebPage","@id":"http:\/\/zlobek.bobowa.pl\/index.php\/dzien-mamy-i-taty-2\/","url":"http:\/\/zlobek.bobowa.pl\/index.php\/dzien-mamy-i-taty-2\/","name":"Dzie\u0144 Mamy i Taty - Samorz\u0105dowy \u017b\u0142obek w S\u0119dziszowej","isPartOf":{"@id":"http:\/\/zlobek.bobowa.pl\/#website"},"datePublished":"2025-05-26T08:55:58+00:00","dateModified":"2025-05-26T10:47:45+00:00","breadcrumb":{"@id":"http:\/\/zlobek.bobowa.pl\/index.php\/dzien-mamy-i-taty-2\/#breadcrumb"},"inLanguage":"pl-PL","potentialAction":[{"@type":"ReadAction","target":["http:\/\/zlobek.bobowa.pl\/index.php\/dzien-mamy-i-taty-2\/"]}]},{"@type":"BreadcrumbList","@id":"http:\/\/zlobek.bobowa.pl\/index.php\/dzien-mamy-i-taty-2\/#breadcrumb","itemListElement":[{"@type":"ListItem","position":1,"name":"Strona g\u0142\u00f3wna","item":"http:\/\/zlobek.bobowa.pl\/"},{"@type":"ListItem","position":2,"name":"Dzie\u0144 Mamy i&nbsp;Taty"}]},{"@type":"WebSite","@id":"http:\/\/zlobek.bobowa.pl\/#website","url":"http:\/\/zlobek.bobowa.pl\/","name":"Samorz\u0105dowy \u017b\u0142obek w S\u0119dziszowej","description":"","publisher":{"@id":"http:\/\/zlobek.bobowa.pl\/#organization"},"potentialAction":[{"@type":"SearchAction","target":{"@type":"EntryPoint","urlTemplate":"http:\/\/zlobek.bobowa.pl\/?s={search_term_string}"},"query-input":"required name=search_term_string"}],"inLanguage":"pl-PL"},{"@type":"Organization","@id":"http:\/\/zlobek.bobowa.pl\/#organization","name":"Samorz\u0105dowy \u017b\u0142obek w S\u0119dziszowej","url":"http:\/\/zlobek.bobowa.pl\/","logo":{"@type":"ImageObject","inLanguage":"pl-PL","@id":"http:\/\/zlobek.bobowa.pl\/#\/schema\/logo\/image\/","url":"http:\/\/zlobek.bobowa.pl\/wp-content\/uploads\/2019\/07\/Beznazwy-2.jpg","contentUrl":"http:\/\/zlobek.bobowa.pl\/wp-content\/uploads\/2019\/07\/Beznazwy-2.jpg","width":2307,"height":119,"caption":"Samorz\u0105dowy \u017b\u0142obek w S\u0119dziszowej"},"image":{"@id":"http:\/\/zlobek.bobowa.pl\/#\/schema\/logo\/image\/"}}]}},"_links":{"self":[{"href":"http:\/\/zlobek.bobowa.pl\/index.php\/wp-json\/wp\/v2\/pages\/17049"}],"collection":[{"href":"http:\/\/zlobek.bobowa.pl\/index.php\/wp-json\/wp\/v2\/pages"}],"about":[{"href":"http:\/\/zlobek.bobowa.pl\/index.php\/wp-json\/wp\/v2\/types\/page"}],"author":[{"embeddable":true,"href":"http:\/\/zlobek.bobowa.pl\/index.php\/wp-json\/wp\/v2\/users\/1"}],"replies":[{"embeddable":true,"href":"http:\/\/zlobek.bobowa.pl\/index.php\/wp-json\/wp\/v2\/comments?post=17049"}],"version-history":[{"count":5,"href":"http:\/\/zlobek.bobowa.pl\/index.php\/wp-json\/wp\/v2\/pages\/17049\/revisions"}],"predecessor-version":[{"id":17085,"href":"http:\/\/zlobek.bobowa.pl\/index.php\/wp-json\/wp\/v2\/pages\/17049\/revisions\/17085"}],"wp:attachment":[{"href":"http:\/\/zlobek.bobowa.pl\/index.php\/wp-json\/wp\/v2\/media?parent=17049"}],"curies":[{"name":"wp","href":"https:\/\/api.w.org\/{rel}","templated":true}]}}