{"id":16526,"date":"2025-03-28T09:36:13","date_gmt":"2025-03-28T08:36:13","guid":{"rendered":"http:\/\/zlobek.bobowa.pl\/?page_id=16526"},"modified":"2025-09-01T13:38:55","modified_gmt":"2025-09-01T11:38:55","slug":"pozegnanie-zlobkowiczow","status":"publish","type":"page","link":"http:\/\/zlobek.bobowa.pl\/index.php\/pozegnanie-zlobkowiczow\/","title":{"rendered":"Po\u017cegnanie \u017b\u0142obkowicz\u00f3w"},"content":{"rendered":"<p style=\"text-align: center;\"><span style=\"color: #99cc00;\"><strong>Dzi\u0119kujemy za wsp\u00f3lne chwile!<\/strong><\/span><br \/>\n<span style=\"color: #99cc00;\"><strong>\u017byczymy wielu sukces\u00f3w i rado\u015bci \ud83d\ude42<\/strong><\/span><\/p>\n<p>Blanka, Laurka, Paulinka, Mark, Igna\u015b, Ksawcio \ud83d\ude42<\/p>\n<div id='gallery-1' class='gallery galleryid-16526 gallery-columns-3 gallery-size-medium'><figure class='gallery-item'>\n\t\t\t<div class='gallery-icon portrait'>\n\t\t\t\t<a href='http:\/\/zlobek.bobowa.pl\/wp-content\/uploads\/2025\/09\/IMG_9250-scaled.jpg'><img width=\"200\" height=\"300\" src=\"http:\/\/zlobek.bobowa.pl\/wp-content\/uploads\/2025\/09\/IMG_9250-200x300.jpg\" class=\"attachment-medium size-medium\" alt=\"\" decoding=\"async\" loading=\"lazy\" srcset=\"http:\/\/zlobek.bobowa.pl\/wp-content\/uploads\/2025\/09\/IMG_9250-200x300.jpg 200w, http:\/\/zlobek.bobowa.pl\/wp-content\/uploads\/2025\/09\/IMG_9250-683x1024.jpg 683w, http:\/\/zlobek.bobowa.pl\/wp-content\/uploads\/2025\/09\/IMG_9250-768x1152.jpg 768w, http:\/\/zlobek.bobowa.pl\/wp-content\/uploads\/2025\/09\/IMG_9250-1024x1536.jpg 1024w, http:\/\/zlobek.bobowa.pl\/wp-content\/uploads\/2025\/09\/IMG_9250-1365x2048.jpg 1365w, http:\/\/zlobek.bobowa.pl\/wp-content\/uploads\/2025\/09\/IMG_9250-scaled.jpg 1707w\" sizes=\"(max-width: 200px) 100vw, 200px\" \/><\/a>\n\t\t\t<\/div><\/figure><figure class='gallery-item'>\n\t\t\t<div class='gallery-icon portrait'>\n\t\t\t\t<a href='http:\/\/zlobek.bobowa.pl\/wp-content\/uploads\/2025\/09\/IMG_9253-scaled.jpg'><img width=\"200\" height=\"300\" src=\"http:\/\/zlobek.bobowa.pl\/wp-content\/uploads\/2025\/09\/IMG_9253-200x300.jpg\" class=\"attachment-medium size-medium\" alt=\"\" decoding=\"async\" loading=\"lazy\" srcset=\"http:\/\/zlobek.bobowa.pl\/wp-content\/uploads\/2025\/09\/IMG_9253-200x300.jpg 200w, http:\/\/zlobek.bobowa.pl\/wp-content\/uploads\/2025\/09\/IMG_9253-683x1024.jpg 683w, http:\/\/zlobek.bobowa.pl\/wp-content\/uploads\/2025\/09\/IMG_9253-768x1152.jpg 768w, http:\/\/zlobek.bobowa.pl\/wp-content\/uploads\/2025\/09\/IMG_9253-1024x1536.jpg 1024w, http:\/\/zlobek.bobowa.pl\/wp-content\/uploads\/2025\/09\/IMG_9253-1365x2048.jpg 1365w, http:\/\/zlobek.bobowa.pl\/wp-content\/uploads\/2025\/09\/IMG_9253-scaled.jpg 1707w\" sizes=\"(max-width: 200px) 100vw, 200px\" \/><\/a>\n\t\t\t<\/div><\/figure><figure class='gallery-item'>\n\t\t\t<div class='gallery-icon portrait'>\n\t\t\t\t<a href='http:\/\/zlobek.bobowa.pl\/wp-content\/uploads\/2025\/09\/IMG_9259-scaled.jpg'><img width=\"200\" height=\"300\" src=\"http:\/\/zlobek.bobowa.pl\/wp-content\/uploads\/2025\/09\/IMG_9259-200x300.jpg\" class=\"attachment-medium size-medium\" alt=\"\" decoding=\"async\" loading=\"lazy\" srcset=\"http:\/\/zlobek.bobowa.pl\/wp-content\/uploads\/2025\/09\/IMG_9259-200x300.jpg 200w, http:\/\/zlobek.bobowa.pl\/wp-content\/uploads\/2025\/09\/IMG_9259-683x1024.jpg 683w, http:\/\/zlobek.bobowa.pl\/wp-content\/uploads\/2025\/09\/IMG_9259-768x1152.jpg 768w, http:\/\/zlobek.bobowa.pl\/wp-content\/uploads\/2025\/09\/IMG_9259-1024x1536.jpg 1024w, http:\/\/zlobek.bobowa.pl\/wp-content\/uploads\/2025\/09\/IMG_9259-1365x2048.jpg 1365w, http:\/\/zlobek.bobowa.pl\/wp-content\/uploads\/2025\/09\/IMG_9259-scaled.jpg 1707w\" sizes=\"(max-width: 200px) 100vw, 200px\" \/><\/a>\n\t\t\t<\/div><\/figure><figure class='gallery-item'>\n\t\t\t<div class='gallery-icon portrait'>\n\t\t\t\t<a href='http:\/\/zlobek.bobowa.pl\/wp-content\/uploads\/2025\/09\/IMG_9263-scaled.jpg'><img width=\"200\" height=\"300\" src=\"http:\/\/zlobek.bobowa.pl\/wp-content\/uploads\/2025\/09\/IMG_9263-200x300.jpg\" class=\"attachment-medium size-medium\" alt=\"\" decoding=\"async\" loading=\"lazy\" srcset=\"http:\/\/zlobek.bobowa.pl\/wp-content\/uploads\/2025\/09\/IMG_9263-200x300.jpg 200w, http:\/\/zlobek.bobowa.pl\/wp-content\/uploads\/2025\/09\/IMG_9263-683x1024.jpg 683w, http:\/\/zlobek.bobowa.pl\/wp-content\/uploads\/2025\/09\/IMG_9263-768x1152.jpg 768w, http:\/\/zlobek.bobowa.pl\/wp-content\/uploads\/2025\/09\/IMG_9263-1024x1536.jpg 1024w, http:\/\/zlobek.bobowa.pl\/wp-content\/uploads\/2025\/09\/IMG_9263-1365x2048.jpg 1365w, http:\/\/zlobek.bobowa.pl\/wp-content\/uploads\/2025\/09\/IMG_9263-scaled.jpg 1707w\" sizes=\"(max-width: 200px) 100vw, 200px\" \/><\/a>\n\t\t\t<\/div><\/figure><figure class='gallery-item'>\n\t\t\t<div class='gallery-icon portrait'>\n\t\t\t\t<a href='http:\/\/zlobek.bobowa.pl\/wp-content\/uploads\/2025\/09\/IMG_9268-scaled.jpg'><img width=\"200\" height=\"300\" src=\"http:\/\/zlobek.bobowa.pl\/wp-content\/uploads\/2025\/09\/IMG_9268-200x300.jpg\" class=\"attachment-medium size-medium\" alt=\"\" decoding=\"async\" loading=\"lazy\" srcset=\"http:\/\/zlobek.bobowa.pl\/wp-content\/uploads\/2025\/09\/IMG_9268-200x300.jpg 200w, http:\/\/zlobek.bobowa.pl\/wp-content\/uploads\/2025\/09\/IMG_9268-683x1024.jpg 683w, http:\/\/zlobek.bobowa.pl\/wp-content\/uploads\/2025\/09\/IMG_9268-768x1152.jpg 768w, http:\/\/zlobek.bobowa.pl\/wp-content\/uploads\/2025\/09\/IMG_9268-1024x1536.jpg 1024w, http:\/\/zlobek.bobowa.pl\/wp-content\/uploads\/2025\/09\/IMG_9268-1365x2048.jpg 1365w, http:\/\/zlobek.bobowa.pl\/wp-content\/uploads\/2025\/09\/IMG_9268-scaled.jpg 1707w\" sizes=\"(max-width: 200px) 100vw, 200px\" \/><\/a>\n\t\t\t<\/div><\/figure><figure class='gallery-item'>\n\t\t\t<div class='gallery-icon portrait'>\n\t\t\t\t<a href='http:\/\/zlobek.bobowa.pl\/wp-content\/uploads\/2025\/09\/IMG_9271-scaled.jpg'><img width=\"200\" height=\"300\" src=\"http:\/\/zlobek.bobowa.pl\/wp-content\/uploads\/2025\/09\/IMG_9271-200x300.jpg\" class=\"attachment-medium size-medium\" alt=\"\" decoding=\"async\" loading=\"lazy\" srcset=\"http:\/\/zlobek.bobowa.pl\/wp-content\/uploads\/2025\/09\/IMG_9271-200x300.jpg 200w, http:\/\/zlobek.bobowa.pl\/wp-content\/uploads\/2025\/09\/IMG_9271-683x1024.jpg 683w, http:\/\/zlobek.bobowa.pl\/wp-content\/uploads\/2025\/09\/IMG_9271-768x1152.jpg 768w, http:\/\/zlobek.bobowa.pl\/wp-content\/uploads\/2025\/09\/IMG_9271-1024x1536.jpg 1024w, http:\/\/zlobek.bobowa.pl\/wp-content\/uploads\/2025\/09\/IMG_9271-1365x2048.jpg 1365w, http:\/\/zlobek.bobowa.pl\/wp-content\/uploads\/2025\/09\/IMG_9271-scaled.jpg 1707w\" sizes=\"(max-width: 200px) 100vw, 200px\" \/><\/a>\n\t\t\t<\/div><\/figure><figure class='gallery-item'>\n\t\t\t<div class='gallery-icon portrait'>\n\t\t\t\t<a href='http:\/\/zlobek.bobowa.pl\/wp-content\/uploads\/2025\/09\/IMG_9274-scaled.jpg'><img width=\"200\" height=\"300\" src=\"http:\/\/zlobek.bobowa.pl\/wp-content\/uploads\/2025\/09\/IMG_9274-200x300.jpg\" class=\"attachment-medium size-medium\" alt=\"\" decoding=\"async\" loading=\"lazy\" srcset=\"http:\/\/zlobek.bobowa.pl\/wp-content\/uploads\/2025\/09\/IMG_9274-200x300.jpg 200w, http:\/\/zlobek.bobowa.pl\/wp-content\/uploads\/2025\/09\/IMG_9274-683x1024.jpg 683w, http:\/\/zlobek.bobowa.pl\/wp-content\/uploads\/2025\/09\/IMG_9274-768x1152.jpg 768w, http:\/\/zlobek.bobowa.pl\/wp-content\/uploads\/2025\/09\/IMG_9274-1024x1536.jpg 1024w, http:\/\/zlobek.bobowa.pl\/wp-content\/uploads\/2025\/09\/IMG_9274-1365x2048.jpg 1365w, http:\/\/zlobek.bobowa.pl\/wp-content\/uploads\/2025\/09\/IMG_9274-scaled.jpg 1707w\" sizes=\"(max-width: 200px) 100vw, 200px\" \/><\/a>\n\t\t\t<\/div><\/figure><figure class='gallery-item'>\n\t\t\t<div class='gallery-icon portrait'>\n\t\t\t\t<a href='http:\/\/zlobek.bobowa.pl\/wp-content\/uploads\/2025\/09\/IMG_9278-scaled.jpg'><img width=\"200\" height=\"300\" src=\"http:\/\/zlobek.bobowa.pl\/wp-content\/uploads\/2025\/09\/IMG_9278-200x300.jpg\" class=\"attachment-medium size-medium\" alt=\"\" decoding=\"async\" loading=\"lazy\" srcset=\"http:\/\/zlobek.bobowa.pl\/wp-content\/uploads\/2025\/09\/IMG_9278-200x300.jpg 200w, http:\/\/zlobek.bobowa.pl\/wp-content\/uploads\/2025\/09\/IMG_9278-683x1024.jpg 683w, http:\/\/zlobek.bobowa.pl\/wp-content\/uploads\/2025\/09\/IMG_9278-768x1152.jpg 768w, http:\/\/zlobek.bobowa.pl\/wp-content\/uploads\/2025\/09\/IMG_9278-1024x1536.jpg 1024w, http:\/\/zlobek.bobowa.pl\/wp-content\/uploads\/2025\/09\/IMG_9278-1365x2048.jpg 1365w, http:\/\/zlobek.bobowa.pl\/wp-content\/uploads\/2025\/09\/IMG_9278-scaled.jpg 1707w\" sizes=\"(max-width: 200px) 100vw, 200px\" \/><\/a>\n\t\t\t<\/div><\/figure><figure class='gallery-item'>\n\t\t\t<div class='gallery-icon landscape'>\n\t\t\t\t<a href='http:\/\/zlobek.bobowa.pl\/wp-content\/uploads\/2025\/09\/IMG_9281-scaled.jpg'><img width=\"300\" height=\"200\" src=\"http:\/\/zlobek.bobowa.pl\/wp-content\/uploads\/2025\/09\/IMG_9281-300x200.jpg\" class=\"attachment-medium size-medium\" alt=\"\" decoding=\"async\" loading=\"lazy\" srcset=\"http:\/\/zlobek.bobowa.pl\/wp-content\/uploads\/2025\/09\/IMG_9281-300x200.jpg 300w, http:\/\/zlobek.bobowa.pl\/wp-content\/uploads\/2025\/09\/IMG_9281-1024x683.jpg 1024w, http:\/\/zlobek.bobowa.pl\/wp-content\/uploads\/2025\/09\/IMG_9281-768x512.jpg 768w, http:\/\/zlobek.bobowa.pl\/wp-content\/uploads\/2025\/09\/IMG_9281-1536x1024.jpg 1536w, http:\/\/zlobek.bobowa.pl\/wp-content\/uploads\/2025\/09\/IMG_9281-2048x1365.jpg 2048w\" sizes=\"(max-width: 300px) 100vw, 300px\" \/><\/a>\n\t\t\t<\/div><\/figure>\n\t\t<\/div>\n\n<p>Alusia \ud83d\ude42<\/p>\n<div id='gallery-2' class='gallery galleryid-16526 gallery-columns-3 gallery-size-medium'><figure class='gallery-item'>\n\t\t\t<div class='gallery-icon landscape'>\n\t\t\t\t<a href='http:\/\/zlobek.bobowa.pl\/wp-content\/uploads\/2025\/07\/IMG_9119-scaled.jpg'><img width=\"300\" height=\"200\" src=\"http:\/\/zlobek.bobowa.pl\/wp-content\/uploads\/2025\/07\/IMG_9119-300x200.jpg\" class=\"attachment-medium size-medium\" alt=\"\" decoding=\"async\" loading=\"lazy\" srcset=\"http:\/\/zlobek.bobowa.pl\/wp-content\/uploads\/2025\/07\/IMG_9119-300x200.jpg 300w, http:\/\/zlobek.bobowa.pl\/wp-content\/uploads\/2025\/07\/IMG_9119-1024x683.jpg 1024w, http:\/\/zlobek.bobowa.pl\/wp-content\/uploads\/2025\/07\/IMG_9119-768x512.jpg 768w, http:\/\/zlobek.bobowa.pl\/wp-content\/uploads\/2025\/07\/IMG_9119-1536x1024.jpg 1536w, http:\/\/zlobek.bobowa.pl\/wp-content\/uploads\/2025\/07\/IMG_9119-2048x1365.jpg 2048w\" sizes=\"(max-width: 300px) 100vw, 300px\" \/><\/a>\n\t\t\t<\/div><\/figure><figure class='gallery-item'>\n\t\t\t<div class='gallery-icon landscape'>\n\t\t\t\t<a href='http:\/\/zlobek.bobowa.pl\/wp-content\/uploads\/2025\/07\/IMG_9121-scaled.jpg'><img width=\"300\" height=\"200\" src=\"http:\/\/zlobek.bobowa.pl\/wp-content\/uploads\/2025\/07\/IMG_9121-300x200.jpg\" class=\"attachment-medium size-medium\" alt=\"\" decoding=\"async\" loading=\"lazy\" srcset=\"http:\/\/zlobek.bobowa.pl\/wp-content\/uploads\/2025\/07\/IMG_9121-300x200.jpg 300w, http:\/\/zlobek.bobowa.pl\/wp-content\/uploads\/2025\/07\/IMG_9121-1024x683.jpg 1024w, http:\/\/zlobek.bobowa.pl\/wp-content\/uploads\/2025\/07\/IMG_9121-768x512.jpg 768w, http:\/\/zlobek.bobowa.pl\/wp-content\/uploads\/2025\/07\/IMG_9121-1536x1024.jpg 1536w, http:\/\/zlobek.bobowa.pl\/wp-content\/uploads\/2025\/07\/IMG_9121-2048x1365.jpg 2048w\" sizes=\"(max-width: 300px) 100vw, 300px\" \/><\/a>\n\t\t\t<\/div><\/figure><figure class='gallery-item'>\n\t\t\t<div class='gallery-icon portrait'>\n\t\t\t\t<a href='http:\/\/zlobek.bobowa.pl\/wp-content\/uploads\/2025\/07\/IMG_9124-scaled.jpg'><img width=\"200\" height=\"300\" src=\"http:\/\/zlobek.bobowa.pl\/wp-content\/uploads\/2025\/07\/IMG_9124-200x300.jpg\" class=\"attachment-medium size-medium\" alt=\"\" decoding=\"async\" loading=\"lazy\" srcset=\"http:\/\/zlobek.bobowa.pl\/wp-content\/uploads\/2025\/07\/IMG_9124-200x300.jpg 200w, http:\/\/zlobek.bobowa.pl\/wp-content\/uploads\/2025\/07\/IMG_9124-683x1024.jpg 683w, http:\/\/zlobek.bobowa.pl\/wp-content\/uploads\/2025\/07\/IMG_9124-768x1152.jpg 768w, http:\/\/zlobek.bobowa.pl\/wp-content\/uploads\/2025\/07\/IMG_9124-1024x1536.jpg 1024w, http:\/\/zlobek.bobowa.pl\/wp-content\/uploads\/2025\/07\/IMG_9124-1366x2048.jpg 1366w, http:\/\/zlobek.bobowa.pl\/wp-content\/uploads\/2025\/07\/IMG_9124-scaled.jpg 1707w\" sizes=\"(max-width: 200px) 100vw, 200px\" \/><\/a>\n\t\t\t<\/div><\/figure>\n\t\t<\/div>\n\n<p>Klarcia \ud83d\ude42<\/p>\n<div id='gallery-3' class='gallery galleryid-16526 gallery-columns-3 gallery-size-medium'><figure class='gallery-item'>\n\t\t\t<div class='gallery-icon landscape'>\n\t\t\t\t<a href='http:\/\/zlobek.bobowa.pl\/wp-content\/uploads\/2025\/03\/IMG_7160-scaled.jpg'><img width=\"300\" height=\"200\" src=\"http:\/\/zlobek.bobowa.pl\/wp-content\/uploads\/2025\/03\/IMG_7160-300x200.jpg\" class=\"attachment-medium size-medium\" alt=\"\" decoding=\"async\" loading=\"lazy\" srcset=\"http:\/\/zlobek.bobowa.pl\/wp-content\/uploads\/2025\/03\/IMG_7160-300x200.jpg 300w, http:\/\/zlobek.bobowa.pl\/wp-content\/uploads\/2025\/03\/IMG_7160-1024x683.jpg 1024w, http:\/\/zlobek.bobowa.pl\/wp-content\/uploads\/2025\/03\/IMG_7160-768x512.jpg 768w, http:\/\/zlobek.bobowa.pl\/wp-content\/uploads\/2025\/03\/IMG_7160-1536x1024.jpg 1536w, http:\/\/zlobek.bobowa.pl\/wp-content\/uploads\/2025\/03\/IMG_7160-2048x1365.jpg 2048w\" sizes=\"(max-width: 300px) 100vw, 300px\" \/><\/a>\n\t\t\t<\/div><\/figure><figure class='gallery-item'>\n\t\t\t<div class='gallery-icon landscape'>\n\t\t\t\t<a href='http:\/\/zlobek.bobowa.pl\/wp-content\/uploads\/2025\/03\/IMG_7163-scaled.jpg'><img width=\"300\" height=\"200\" src=\"http:\/\/zlobek.bobowa.pl\/wp-content\/uploads\/2025\/03\/IMG_7163-300x200.jpg\" class=\"attachment-medium size-medium\" alt=\"\" decoding=\"async\" loading=\"lazy\" srcset=\"http:\/\/zlobek.bobowa.pl\/wp-content\/uploads\/2025\/03\/IMG_7163-300x200.jpg 300w, http:\/\/zlobek.bobowa.pl\/wp-content\/uploads\/2025\/03\/IMG_7163-1024x683.jpg 1024w, http:\/\/zlobek.bobowa.pl\/wp-content\/uploads\/2025\/03\/IMG_7163-768x512.jpg 768w, http:\/\/zlobek.bobowa.pl\/wp-content\/uploads\/2025\/03\/IMG_7163-1536x1024.jpg 1536w, http:\/\/zlobek.bobowa.pl\/wp-content\/uploads\/2025\/03\/IMG_7163-2048x1365.jpg 2048w\" sizes=\"(max-width: 300px) 100vw, 300px\" \/><\/a>\n\t\t\t<\/div><\/figure><figure class='gallery-item'>\n\t\t\t<div class='gallery-icon landscape'>\n\t\t\t\t<a href='http:\/\/zlobek.bobowa.pl\/wp-content\/uploads\/2025\/03\/IMG_7165-1-scaled.jpg'><img width=\"300\" height=\"193\" src=\"http:\/\/zlobek.bobowa.pl\/wp-content\/uploads\/2025\/03\/IMG_7165-1-300x193.jpg\" class=\"attachment-medium size-medium\" alt=\"\" decoding=\"async\" loading=\"lazy\" srcset=\"http:\/\/zlobek.bobowa.pl\/wp-content\/uploads\/2025\/03\/IMG_7165-1-300x193.jpg 300w, http:\/\/zlobek.bobowa.pl\/wp-content\/uploads\/2025\/03\/IMG_7165-1-1024x659.jpg 1024w, http:\/\/zlobek.bobowa.pl\/wp-content\/uploads\/2025\/03\/IMG_7165-1-768x494.jpg 768w, http:\/\/zlobek.bobowa.pl\/wp-content\/uploads\/2025\/03\/IMG_7165-1-1536x989.jpg 1536w, http:\/\/zlobek.bobowa.pl\/wp-content\/uploads\/2025\/03\/IMG_7165-1-2048x1318.jpg 2048w\" sizes=\"(max-width: 300px) 100vw, 300px\" \/><\/a>\n\t\t\t<\/div><\/figure><figure class='gallery-item'>\n\t\t\t<div class='gallery-icon portrait'>\n\t\t\t\t<a href='http:\/\/zlobek.bobowa.pl\/wp-content\/uploads\/2025\/03\/IMG_7171-scaled.jpg'><img width=\"200\" height=\"300\" src=\"http:\/\/zlobek.bobowa.pl\/wp-content\/uploads\/2025\/03\/IMG_7171-200x300.jpg\" class=\"attachment-medium size-medium\" alt=\"\" decoding=\"async\" loading=\"lazy\" srcset=\"http:\/\/zlobek.bobowa.pl\/wp-content\/uploads\/2025\/03\/IMG_7171-200x300.jpg 200w, http:\/\/zlobek.bobowa.pl\/wp-content\/uploads\/2025\/03\/IMG_7171-683x1024.jpg 683w, http:\/\/zlobek.bobowa.pl\/wp-content\/uploads\/2025\/03\/IMG_7171-768x1152.jpg 768w, http:\/\/zlobek.bobowa.pl\/wp-content\/uploads\/2025\/03\/IMG_7171-1024x1536.jpg 1024w, http:\/\/zlobek.bobowa.pl\/wp-content\/uploads\/2025\/03\/IMG_7171-1365x2048.jpg 1365w, http:\/\/zlobek.bobowa.pl\/wp-content\/uploads\/2025\/03\/IMG_7171-scaled.jpg 1707w\" sizes=\"(max-width: 200px) 100vw, 200px\" \/><\/a>\n\t\t\t<\/div><\/figure><figure class='gallery-item'>\n\t\t\t<div class='gallery-icon portrait'>\n\t\t\t\t<a href='http:\/\/zlobek.bobowa.pl\/wp-content\/uploads\/2025\/03\/IMG_7176-scaled.jpg'><img width=\"200\" height=\"300\" src=\"http:\/\/zlobek.bobowa.pl\/wp-content\/uploads\/2025\/03\/IMG_7176-200x300.jpg\" class=\"attachment-medium size-medium\" alt=\"\" decoding=\"async\" loading=\"lazy\" srcset=\"http:\/\/zlobek.bobowa.pl\/wp-content\/uploads\/2025\/03\/IMG_7176-200x300.jpg 200w, http:\/\/zlobek.bobowa.pl\/wp-content\/uploads\/2025\/03\/IMG_7176-683x1024.jpg 683w, http:\/\/zlobek.bobowa.pl\/wp-content\/uploads\/2025\/03\/IMG_7176-768x1152.jpg 768w, http:\/\/zlobek.bobowa.pl\/wp-content\/uploads\/2025\/03\/IMG_7176-1024x1536.jpg 1024w, http:\/\/zlobek.bobowa.pl\/wp-content\/uploads\/2025\/03\/IMG_7176-1365x2048.jpg 1365w, http:\/\/zlobek.bobowa.pl\/wp-content\/uploads\/2025\/03\/IMG_7176-scaled.jpg 1707w\" sizes=\"(max-width: 200px) 100vw, 200px\" \/><\/a>\n\t\t\t<\/div><\/figure>\n\t\t<\/div>\n\n","protected":false},"excerpt":{"rendered":"<p>Dzi\u0119kujemy za wsp\u00f3lne chwile! \u017byczymy wielu sukces\u00f3w i rado\u015bci \ud83d\ude42 Blanka, Laurka, Paulinka, Mark, Igna\u015b, Ksawcio \ud83d\ude42 Alusia \ud83d\ude42 Klarcia \ud83d\ude42<\/p>\n","protected":false},"author":1,"featured_media":0,"parent":0,"menu_order":0,"comment_status":"closed","ping_status":"closed","template":"","meta":{"footnotes":""},"yoast_head":"<!-- This site is optimized with the Yoast SEO plugin v22.6 - https:\/\/yoast.com\/wordpress\/plugins\/seo\/ -->\n<title>Po\u017cegnanie \u017b\u0142obkowicz\u00f3w - Samorz\u0105dowy \u017b\u0142obek w S\u0119dziszowej<\/title>\n<meta name=\"robots\" content=\"index, follow, max-snippet:-1, max-image-preview:large, max-video-preview:-1\" \/>\n<link rel=\"canonical\" href=\"http:\/\/zlobek.bobowa.pl\/index.php\/pozegnanie-zlobkowiczow\/\" \/>\n<meta property=\"og:locale\" content=\"pl_PL\" \/>\n<meta property=\"og:type\" content=\"article\" \/>\n<meta property=\"og:title\" content=\"Po\u017cegnanie \u017b\u0142obkowicz\u00f3w - Samorz\u0105dowy \u017b\u0142obek w S\u0119dziszowej\" \/>\n<meta property=\"og:description\" content=\"Dzi\u0119kujemy za wsp\u00f3lne chwile! \u017byczymy wielu sukces\u00f3w i rado\u015bci \ud83d\ude42 Blanka, Laurka, Paulinka, Mark, Igna\u015b, Ksawcio \ud83d\ude42 Alusia \ud83d\ude42 Klarcia \ud83d\ude42\" \/>\n<meta property=\"og:url\" content=\"http:\/\/zlobek.bobowa.pl\/index.php\/pozegnanie-zlobkowiczow\/\" \/>\n<meta property=\"og:site_name\" content=\"Samorz\u0105dowy \u017b\u0142obek w S\u0119dziszowej\" \/>\n<meta property=\"article:modified_time\" content=\"2025-09-01T11:38:55+00:00\" \/>\n<meta property=\"og:image\" content=\"http:\/\/zlobek.bobowa.pl\/wp-content\/uploads\/2025\/09\/IMG_9250-200x300.jpg\" \/>\n<meta name=\"twitter:card\" content=\"summary_large_image\" \/>\n<meta name=\"twitter:label1\" content=\"Szacowany czas czytania\" \/>\n\t<meta name=\"twitter:data1\" content=\"1 minuta\" \/>\n<script type=\"application\/ld+json\" class=\"yoast-schema-graph\">{\"@context\":\"https:\/\/schema.org\",\"@graph\":[{\"@type\":\"WebPage\",\"@id\":\"http:\/\/zlobek.bobowa.pl\/index.php\/pozegnanie-zlobkowiczow\/\",\"url\":\"http:\/\/zlobek.bobowa.pl\/index.php\/pozegnanie-zlobkowiczow\/\",\"name\":\"Po\u017cegnanie \u017b\u0142obkowicz\u00f3w - Samorz\u0105dowy \u017b\u0142obek w S\u0119dziszowej\",\"isPartOf\":{\"@id\":\"http:\/\/zlobek.bobowa.pl\/#website\"},\"datePublished\":\"2025-03-28T08:36:13+00:00\",\"dateModified\":\"2025-09-01T11:38:55+00:00\",\"breadcrumb\":{\"@id\":\"http:\/\/zlobek.bobowa.pl\/index.php\/pozegnanie-zlobkowiczow\/#breadcrumb\"},\"inLanguage\":\"pl-PL\",\"potentialAction\":[{\"@type\":\"ReadAction\",\"target\":[\"http:\/\/zlobek.bobowa.pl\/index.php\/pozegnanie-zlobkowiczow\/\"]}]},{\"@type\":\"BreadcrumbList\",\"@id\":\"http:\/\/zlobek.bobowa.pl\/index.php\/pozegnanie-zlobkowiczow\/#breadcrumb\",\"itemListElement\":[{\"@type\":\"ListItem\",\"position\":1,\"name\":\"Strona g\u0142\u00f3wna\",\"item\":\"http:\/\/zlobek.bobowa.pl\/\"},{\"@type\":\"ListItem\",\"position\":2,\"name\":\"Po\u017cegnanie \u017b\u0142obkowicz\u00f3w\"}]},{\"@type\":\"WebSite\",\"@id\":\"http:\/\/zlobek.bobowa.pl\/#website\",\"url\":\"http:\/\/zlobek.bobowa.pl\/\",\"name\":\"Samorz\u0105dowy \u017b\u0142obek w S\u0119dziszowej\",\"description\":\"\",\"publisher\":{\"@id\":\"http:\/\/zlobek.bobowa.pl\/#organization\"},\"potentialAction\":[{\"@type\":\"SearchAction\",\"target\":{\"@type\":\"EntryPoint\",\"urlTemplate\":\"http:\/\/zlobek.bobowa.pl\/?s={search_term_string}\"},\"query-input\":\"required name=search_term_string\"}],\"inLanguage\":\"pl-PL\"},{\"@type\":\"Organization\",\"@id\":\"http:\/\/zlobek.bobowa.pl\/#organization\",\"name\":\"Samorz\u0105dowy \u017b\u0142obek w S\u0119dziszowej\",\"url\":\"http:\/\/zlobek.bobowa.pl\/\",\"logo\":{\"@type\":\"ImageObject\",\"inLanguage\":\"pl-PL\",\"@id\":\"http:\/\/zlobek.bobowa.pl\/#\/schema\/logo\/image\/\",\"url\":\"http:\/\/zlobek.bobowa.pl\/wp-content\/uploads\/2019\/07\/Beznazwy-2.jpg\",\"contentUrl\":\"http:\/\/zlobek.bobowa.pl\/wp-content\/uploads\/2019\/07\/Beznazwy-2.jpg\",\"width\":2307,\"height\":119,\"caption\":\"Samorz\u0105dowy \u017b\u0142obek w S\u0119dziszowej\"},\"image\":{\"@id\":\"http:\/\/zlobek.bobowa.pl\/#\/schema\/logo\/image\/\"}}]}<\/script>\n<!-- \/ Yoast SEO plugin. -->","yoast_head_json":{"title":"Po\u017cegnanie \u017b\u0142obkowicz\u00f3w - Samorz\u0105dowy \u017b\u0142obek w S\u0119dziszowej","robots":{"index":"index","follow":"follow","max-snippet":"max-snippet:-1","max-image-preview":"max-image-preview:large","max-video-preview":"max-video-preview:-1"},"canonical":"http:\/\/zlobek.bobowa.pl\/index.php\/pozegnanie-zlobkowiczow\/","og_locale":"pl_PL","og_type":"article","og_title":"Po\u017cegnanie \u017b\u0142obkowicz\u00f3w - Samorz\u0105dowy \u017b\u0142obek w S\u0119dziszowej","og_description":"Dzi\u0119kujemy za wsp\u00f3lne chwile! \u017byczymy wielu sukces\u00f3w i rado\u015bci \ud83d\ude42 Blanka, Laurka, Paulinka, Mark, Igna\u015b, Ksawcio \ud83d\ude42 Alusia \ud83d\ude42 Klarcia \ud83d\ude42","og_url":"http:\/\/zlobek.bobowa.pl\/index.php\/pozegnanie-zlobkowiczow\/","og_site_name":"Samorz\u0105dowy \u017b\u0142obek w S\u0119dziszowej","article_modified_time":"2025-09-01T11:38:55+00:00","og_image":[{"url":"http:\/\/zlobek.bobowa.pl\/wp-content\/uploads\/2025\/09\/IMG_9250-200x300.jpg"}],"twitter_card":"summary_large_image","twitter_misc":{"Szacowany czas czytania":"1 minuta"},"schema":{"@context":"https:\/\/schema.org","@graph":[{"@type":"WebPage","@id":"http:\/\/zlobek.bobowa.pl\/index.php\/pozegnanie-zlobkowiczow\/","url":"http:\/\/zlobek.bobowa.pl\/index.php\/pozegnanie-zlobkowiczow\/","name":"Po\u017cegnanie \u017b\u0142obkowicz\u00f3w - Samorz\u0105dowy \u017b\u0142obek w S\u0119dziszowej","isPartOf":{"@id":"http:\/\/zlobek.bobowa.pl\/#website"},"datePublished":"2025-03-28T08:36:13+00:00","dateModified":"2025-09-01T11:38:55+00:00","breadcrumb":{"@id":"http:\/\/zlobek.bobowa.pl\/index.php\/pozegnanie-zlobkowiczow\/#breadcrumb"},"inLanguage":"pl-PL","potentialAction":[{"@type":"ReadAction","target":["http:\/\/zlobek.bobowa.pl\/index.php\/pozegnanie-zlobkowiczow\/"]}]},{"@type":"BreadcrumbList","@id":"http:\/\/zlobek.bobowa.pl\/index.php\/pozegnanie-zlobkowiczow\/#breadcrumb","itemListElement":[{"@type":"ListItem","position":1,"name":"Strona g\u0142\u00f3wna","item":"http:\/\/zlobek.bobowa.pl\/"},{"@type":"ListItem","position":2,"name":"Po\u017cegnanie \u017b\u0142obkowicz\u00f3w"}]},{"@type":"WebSite","@id":"http:\/\/zlobek.bobowa.pl\/#website","url":"http:\/\/zlobek.bobowa.pl\/","name":"Samorz\u0105dowy \u017b\u0142obek w S\u0119dziszowej","description":"","publisher":{"@id":"http:\/\/zlobek.bobowa.pl\/#organization"},"potentialAction":[{"@type":"SearchAction","target":{"@type":"EntryPoint","urlTemplate":"http:\/\/zlobek.bobowa.pl\/?s={search_term_string}"},"query-input":"required name=search_term_string"}],"inLanguage":"pl-PL"},{"@type":"Organization","@id":"http:\/\/zlobek.bobowa.pl\/#organization","name":"Samorz\u0105dowy \u017b\u0142obek w S\u0119dziszowej","url":"http:\/\/zlobek.bobowa.pl\/","logo":{"@type":"ImageObject","inLanguage":"pl-PL","@id":"http:\/\/zlobek.bobowa.pl\/#\/schema\/logo\/image\/","url":"http:\/\/zlobek.bobowa.pl\/wp-content\/uploads\/2019\/07\/Beznazwy-2.jpg","contentUrl":"http:\/\/zlobek.bobowa.pl\/wp-content\/uploads\/2019\/07\/Beznazwy-2.jpg","width":2307,"height":119,"caption":"Samorz\u0105dowy \u017b\u0142obek w S\u0119dziszowej"},"image":{"@id":"http:\/\/zlobek.bobowa.pl\/#\/schema\/logo\/image\/"}}]}},"_links":{"self":[{"href":"http:\/\/zlobek.bobowa.pl\/index.php\/wp-json\/wp\/v2\/pages\/16526"}],"collection":[{"href":"http:\/\/zlobek.bobowa.pl\/index.php\/wp-json\/wp\/v2\/pages"}],"about":[{"href":"http:\/\/zlobek.bobowa.pl\/index.php\/wp-json\/wp\/v2\/types\/page"}],"author":[{"embeddable":true,"href":"http:\/\/zlobek.bobowa.pl\/index.php\/wp-json\/wp\/v2\/users\/1"}],"replies":[{"embeddable":true,"href":"http:\/\/zlobek.bobowa.pl\/index.php\/wp-json\/wp\/v2\/comments?post=16526"}],"version-history":[{"count":5,"href":"http:\/\/zlobek.bobowa.pl\/index.php\/wp-json\/wp\/v2\/pages\/16526\/revisions"}],"predecessor-version":[{"id":17342,"href":"http:\/\/zlobek.bobowa.pl\/index.php\/wp-json\/wp\/v2\/pages\/16526\/revisions\/17342"}],"wp:attachment":[{"href":"http:\/\/zlobek.bobowa.pl\/index.php\/wp-json\/wp\/v2\/media?parent=16526"}],"curies":[{"name":"wp","href":"https:\/\/api.w.org\/{rel}","templated":true}]}}